 (-22 - -81 - 27) + -44 + -6?
-18
What is the value of (-1 - (-47 + 40) - -9) + -16?
-1
17 + 0 + (467 - 468) - 18
-2
Calculate (5 + 22 - 20 - 17) + -6 + 18 + -4.
-2
Evaluate (8 - -76) + -51 - -37.
70
What is 0 - (15 - 2 - (-14 - -26) - 6) - -74?
79
What is 4 - 12 - (-7 - -2) - (11 + -23 + 17)?
-8
What is the value of 52 + -40 - 74 - -7?
-55
(33 - (26 + 6)) + 67 - 28
40
What is the value of (573 - 527) + 1 + -60?
-13
Calculate -28 + (13 - -12 - -4 - 18) + -2.
-19
What is (-101 - (11 + -18)) + 508 + -538?
-124
Evaluate -28 + (11 - (-21 + 14 - 4)).
-6
What is (-10 - (-4 - 68 - (0 + -15 + 16))) + 1?
64
Calculate -2 + -5 + 7 + -3 + -4 + (-105 - -65).
-47
Evaluate (-7229 - -7243) + (10 - (-1 + (-1 - -1))).
25
Calculate -9 - (30 + -4 + (3 - (16 - 5))).
-27
-10 - (19 + -28 + -35)
34
6 - (-28 + (-17 - -35) + 60 + -1)
-43
What is -5 + (1 - (-7 + -6)) - (25 + -15 - -87)?
-88
Calculate (112 - 50) + -8 + 0.
54
What is (-1 - 33) + 57 + -5 + 1?
19
What is the value of -2 - (-29 + 42) - (-30 + 4) - -30?
41
Calculate -6 - (-20 + 15) - ((0 - -14) + -4).
-11
What is -127 - -169 - (-24 + 82)?
-16
37 - (-71 - (-31 + -58))
19
Calculate -49 - (71 - 75 - 13).
-32
55 - (45 + 37 + -42)
15
Evaluate -21 + (-9 - (-36 - -22)) + 48.
32
What is the value of -53 - (-40 + -64) - 79?
-28
What is the value of -24 + 34 + -13 + 1 + -50?
-52
12 - (-18 - -13 - -15 - (-8 - 1 - -51))
44
Evaluate -35 + 58 + 44 + -6 + -13.
48
What is 110 + (-76 - -33) - 48?
19
60 - 36 - 34 - (62 - 19)
-53
Evaluate (-4 + 2 + -2 + 2 - 4) + (-303 - -430).
121
What is the value of -4 + 14 + (46 - 2) - 11?
43
What is the value of -10 + -45 + -13 + -9 - -22?
-55
Calculate 44 + -48 + -11 + 4.
-11
Evaluate -17 + 16 + -58 - -74.
15
Calculate -46 - (-8 - -1 - (-9 + -34 + 50)).
-32
What is (18 - 5 - 21) + -77 + -4?
-89
What is (-6 - (-7 - -6)) + (9 - (13 + -6))?
-3
Evaluate 10 - 1 - (6 - 1 - (-297 + 294)) - -50.
51
What is 9 + (64 + -99 - (-59 + 7))?
26
Evaluate (375 - 386) + (-1 - -14).
2
(0 - -6) + (-5 + 2 + 1 - 14) - 7
-17
(-19 - (8 + 24)) + 22
-29
What is -18 + -3 + 36 - 20 - (2 + -3 + -84)?
80
What is the value of 103 + -21 + (19 - 1 - -6) + -16?
90
Calculate (-9 - ((-14 - -1) + 22 + -25)) + -8 - 29.
-30
Calculate (2 - 9 - (-2 + 1)) + (77 - 179 - -52).
-56
What is the value of -33 + -2 + (9 - 13) + 64?
25
What is 23 + -5 + (-25 + -49 - -76)?
20
Evaluate (10 - (-3 - 1 - (-8 + -19 + 22))) + 11.
20
What is the value of (6 - 3 - 36) + 2 + (420 - 420)?
-31
Calculate 14 + (-46 - 28 - 23 - -23).
-60
0 + -34 + 1 + (-57 + 36 - -46) + -34
-42
What is 84 - -35 - 76 - 115?
-72
Evaluate 1771 - 1745 - (36 - 1) - (-2 + 1 + 37).
-45
What is the value of 40 + (2 - (0 - -2)) - (468 - 456)?
28
What is the value of 50 + -14 + (-36 - -19)?
19
Calculate -623 + 623 - (1 + -34) - 1.
32
Calculate 108 + (85 - 183) + -63 + (2 - 2 - 2).
-55
Calculate (6 - 10) + (-32 - -21) + -14.
-29
What is the value of 72 + (8 - (0 + 7 - (-14 - (42 + -53))))?
70
What is 408 + -447 + (1 - -48)?
10
What is the value of -4 - 11 - -18 - (22 - 3 - 0)?
-16
-2 - -54 - (2 - -7 - 1 - (-3021 + 3029))
52
Evaluate -59 - (-106 - (62 + -107)).
2
What is 88 + -52 + -75 - -131?
92
Evaluate (0 - 8) + (160 - 165) + (-1 - 0 - -11).
-3
Calculate 58 + -28 + -149 - -49.
-70
-151 + -2 - (295 - 363)
-85
Calculate 28 + -15 - (99 + -4 + 4 - (72 - 62)).
-76
What is the value of -13 + (-5 + 15 - 12) + 25 - 60?
-50
What is (-2 - 60 - -16) + 16 + 11 - -162?
143
(2 - -3) + -2369 + 2404
40
What is the value of (1 - 34) + 28 + 39 + -71?
-37
(-1 - 1) + 11 + (-6 - (-50 + (27 - -2)))
24
What is 1 + -34 + -1837 + 1690 - -45?
-135
Calculate -23 - (-70 - (4 - (27 + -18))).
42
(-2894 - -2870) + 105 + -2
79
(11 + -10 - 1) + (0 - (-8 + -36))
44
Evaluate -51 - -27 - (2 + (-2 - 7) + -2).
-15
-4 + 4 - (0 + -9 - (-29 + 70))
50
What is -13 + -1 + 3 - (-1263 + 1253)?
-1
Evaluate -3 + (6 - 9) + (-9 - ((51 - 1) + -7)).
-58
Calculate -77 + (-19 - -88) - (-2 + 1 + -57).
50
Calculate (122 - (-48 - -140)) + -20 + 1.
11
Evaluate (0 + -7 - 20) + (19 - 2) + -19.
-29
Evaluate 0 - 8 - (-325 + 341 - (14 + -6)).
-16
What is (0 - -4 - 12) + (-156 - -173) + 24?
33
What is 55 + -94 + 29 - (1 - (2 - (39 + -2)))?
-46
What is the value of -13 - (-24 - 0 - (-54 + (63 - 6))) - -45?
59
(9 - 16 - -11) + -14 - (-30 - -14)
6
Calculate (57 - 2) + (-2 + 28 - (17 - 66 - -70)).
60
Calculate 27 - ((-5 - -4) + 24).
4
Calculate -15 - (33 - 46) - -39.
37
What is the value of 43 - (-19 + 21 + -27 + 28)?
40
14 + 8 + -1 + (11 - -15)
47
Calculate 6 - ((33 - 40) + 0 + -1 + (0 - -13)).
1
What is 8 + -2 - (44 + -4)?
-34
What is 13 + (26 - 26 - (-1 + 8)) + 6 + 128?
140
Calculate (-28 - -54) + 17 - (8 + 7).
28
What is 15 - ((-112 - -39) + 38 - 40)?
90
5 - -1 - (-8 + -14 + 52 - (0 + -2))
-26
Calculate -57 + 69 - ((85 - 63) + 1 + -11).
0
Evaluate 3 - 9 - (-7 + 7 + 14 + 4 - -111).
-135
What is the value of 67 + (-107 - -37) + -57?
-60
-68 - -71 - (-1 - 2 - (44 + -3))
47
Calculate 2 + -19 + 1 - (-27 + 69 + 25 + -29).
-54
Calculate -180 + 30 - (-102 - -76).
-124
What is the value of -5302 + 5418 - (77 + 0)?
39
What is the value of (-116 - -207) + 57 + -135?
13
What is -2367 + 2376 - (-76 + -4 + 9)?
80
What is (-4 - -4) + -21 + 3 - (486 + -464)?
-40
What is the value of -17 + -7 + 10 + 5 + 16 + -33?
-26
Calculate 5 - -2 - ((-6 + 11 - 73) + 43).
32
0 + 2 - (-129 - -80 - (21 - 2))
70
What is 1 - -11 - (39 + -1 - (244 + -220))?
-2
What is (-10 - 36 - -37) + -39?
-48
What is 140 + -78 + -2 - 33?
27
What is -10 + 4 + 97 + 3 + 20 + -7?
107
Calculate -2 + 3 - (1 + 15 + -2).
-13
What is the value of 36 + -61 + 11 + 3?
-11
What is the value of -22 + 20 + (-24 - 34)?
-60
What is -18 - 3 - (29 - (26 + 29))?
5
What is 45 + (-4 - 0 - -1 - (71 + -20 + -48))?
39
Evaluate 3 - 6 - ((-1 - 3) + (-140 - -103)).
38
Evaluate (-29 - (-34 + (-27 - -56) + (-1 - -5))) + -3.
-31
(-6 - ((-1 - 1) + -5)) + (125 - 51)
75
(-5 - (-31 + 49)) + 19 - -76
72
39 - (-27 + -4 + 9)
61
Calculate -3 + -12 + 76 + (-9 - -5).
57
What is 8 + -7 + (-2 - -3) - (26 - (-30 + 181))?
127
-141 + (91 - (84 - 55))
-79
Evaluate -3 + 5 + -12 - (37 - (22 + (-14 - -1))).
-38
26 + -42 - (-58 + 15) - 96
-69
Evaluate (22 - 0) + (-107 - 0) - -31.
-54
Evaluate 0 + 105 + -2 + (175 - 104) + -77.
97
Calculate (4 - (2 + 1) - (1 + -54)) + (666 - 677).
43
What is the value of 31 + 7 + -42 - (-2 - (-2 - -45 - 2))?
39
What is the value of -16 + (54 - -8) - (7 - (-10 + 22))?
51
Evaluate 71 + 2 + (14 - 28) - (2 - -1 - -3).
53
Evaluate -20 - (12 - (-3 - -39) - (-92 - -8)).
-80
What is 160 - 147 - (7 + -61) - -12?
79
What is the value of -10 + 3 - (-14 + (2 - 2 - -6) + -43)?
44
-4 + 8 - (214 - 211)
1
What is -3 + (28 - (43 - 21) - 26)?
-23
Evaluate 15 - 2 - (-4 + (68 - 77)).
26
Evaluate 160 + (58 - 182) + 49.
85
-3 + (15 - (12 - (-13 + 7 - -10))) - -63
67
What is the value of (-99 - (-59 + 8)) + -97?
-145
What is the value of (9 - 92) + (30 - 47)?
-100
Evaluate 120 - 112 - (0 + -4) - 31.
-19
166 + -174 + (4 - (8 + -1)) + (-7 - -75)
57
What is (-6 - -4) + (-146 - -168)?
20
Calculate -11 + -25 + 145 + (-14 - 10).
85
75 + (-27 - (-42 + 31)) + (9 - 1)
67
Evaluate (70 - 65 - 13 - (-1 + -6)) + (-30 - 1).
-32
Evaluate 10 - ((1 - (4 - 10)) + 2) - -42.
43
Evaluate (908 - 933) + -9 + 2 + (0 - -3 - 2).
-31
Evaluate (-12 - -43) + 51 + 4 + 16 - 10.
92
What is -5 + (-55 - -130) + -140?
-70
What is the value of 37 - 77 - -96 - 29?
27
What is the value of 9 - (-22 + (19 - (133 - (-12 + 8))))?
149
Calculate 1 - (13 - 47 - -19).
16
437 + -556 + 109 + -18
-28
What is the value of -52 + 30 + (-26 - -14 - -26)?
-8
What is 1202 + -1184 + (-3 - (0 - 1)) - 50?
-34
Calculate -21 + (-14 - -59) + -34 - 46.
-56
(-95 - (-46 - (-19 - 15))) + 20
-63
Calculate 35 + (30 + -10 - 40) + 23.
38
9 - (12 - 12 - (9 + (4 - 5)) - -59)
-42
What is -24 + 15 + (1 - -2 - 1) + (-6 - 2)?
-15
What is the value of 30 - (29 - (48 - -19))?
68
What is the value of -12 + (-3 - (-15 - 28))?
28
What is the value of (-3 - (21 - 11)) + (16 - (-6 + 2))?
7
Evaluate -6 - -1 - (-32 + (1 - -14)).
12
Evaluate 48 + (124 + -148 - ((-15 - -3) + 1)).
35
8 + 1 + (0 - -4) + 750 + -759
4
Evaluate -25 - ((51 - 31) + -7).
-38
Calculate 0 + -13 + 99 - (11 + -3 + (-9 - 2)).
89
Calculate 47 - ((7 - ((-15 + 7 - 1) + 12)) + -2).
45
What is the value of 42 - (33 + 5 + -43)?
47
95 + 50 + -52 + 